6, 0 = 5*f - 2*d + 22. Let k(y) = y**2 + 9*y. Calculate k(f).
-18
Let p(j) = -4*j - 5. Let k(i) = -5*i - 6. Let z(t) = -3*k(t) + 4*p(t). Let o = -3 + 5. Let s = o + -8. Calculate z(s).
4
Let r be (-21)/35 - (-108)/(-45). Let d(s) = -s**3 - 4*s**2 + 4. Give d(r).
-5
Let l(s) be the second derivative of -s**4/6 + s**3/6 + s**2/2 - 4*s - 26. Give l(2).
-5
Let y be 2/(-12) + 986/(-204). Suppose 0 = -0*k + 3*k - 3. Let o(x) = -k + 3*x**2 - 4*x**2 + 2*x - 8*x. What is o(y)?
4
Let w(f) = -f + f - 10 + 11 + 2*f + f**2. Determine w(-2).
1
Let w(z) = 361*z + 6 + 355*z + 9*z**2 - 1066*z + 359*z + z**3. Calculate w(-6).
60
Let o(z) = 3*z + 64. Let j be o(-23). Let g(u) = -2*u - 4. Determine g(j).
6
Suppose 0*v = -3*v. Suppose 6 = 6*p - 24. Suppose -u + l - 13 = 4*l, v = p*u - 2*l + 14. Let f(r) = 3*r + 4. Calculate f(u).
-8
Let f(q) = -2 + q + 0*q + 1. Suppose 5*m + 64 - 249 = 0. Suppose -36*k + m*k = 4. Give f(k).
3
Suppose 3*c - h = 100, 0 = -5*c - 4*h + 33 + 162. Let k = c - 42. Let v(m) = 2*m + 10. What is v(k)?
-4
Let t(d) be the second derivative of d**6/360 + d**5/15 - 7*d**4/24 + d**3/2 + 37*d. Let h(k) be the second derivative of t(k). What is h(-8)?
-7
Let j(z) = 246*z + 10*z**2 - 2*z**3 - 4 - 254*z + z**3. Give j(9).
5
Let l be 1*-2*33/(-22). Let a(d) = -1 - l - 7*d - 5 + 10. Determine a(1).
-6
Let w be -4*((-3)/12 + -1). Let b(t) = -2*t**3 + 5*t**2 - 3*t - 1. Let y(u) = -u**3 + 6*u**2 - 4*u - 1. Let l(q) = w*b(q) - 4*y(q). Calculate l(1).
-5
Let d = -170 + 163. Let h(j) = -j**2 - 2*j + 9. Give h(d).
-26
Let s(u) be the first derivative of -u - 15 + 1/2*u**2. Give s(-7).
-8
Suppose 0 = -4*c - q + 34, -c + 2*q = -11 + 7. Suppose 7 = -c*f - 1. Let x(w) = 2*w**3 - w**2 - w - 1. What is x(f)?
-3
Let m(t) = t. Let p be 45/(-54) - (-2)/(-12). Calculate m(p).
-1
Let h(m) = m**3 + m**2 - 2*m. Let j be h(-2). Suppose 5 + j = x. Let z(o) = -o**3 + x*o**2 - 5*o + 63 - 61 + 3*o. Give z(2).
10
Let i(d) be the third derivative of -1/10*d**5 + 0*d + 3*d**2 - 1/120*d**6 - 3/2*d**3 + 0 - 1/6*d**4. Let k(w) = -w**2 + 8*w + 14. Let b be k(10). Give i(b).
15
Let l(y) = -1. Let v = -19 - -18. Let b(t) = -t**2 + 6*t + 2. Let c(p) = v*b(p) - 6*l(p). Calculate c(4).
-4
Let q = 14 - 14. Suppose -3*x + 8*x = q. Suppose x = 5*d, -m - d + 3*d - 5 = 0. Let u(o) = o**3 + 7*o**2 + 6*o - 4. Determine u(m).
16
Let o(d) = d**3 - 1. Suppose 4*v + 5*p - 91 = 0, 5*v + 0*p - 125 = 5*p. Let h = v + -26. What is o(h)?
-9
Let n(o) = -o + 15. Suppose -x + 44 = 4*s, -5*x = -0*x - 20. What is n(s)?
5
Let h(r) = r - 5. Let s(o) = o**3 - o**2 + 3*o - 1. Let c be s(2). Let x be 2*-1*c/(-6). Suppose -3*v = -w - 6 - 0, 2 = -x*w + v. Calculate h(w).
-5
Let q(j) be the first derivative of -j**2/2 - 13*j + 1. Let d = 4428 + -4437. Calculate q(d).
-4
Let h be 4/(-2) - (-9 - -7). Suppose -99 = -4*u - h*r + r, -4*r = -4*u + 96. Let p(a) = 27*a - 1 + 4*a**3 - 6 - 7*a**2 - 3*a**3 - u*a. Give p(7).
7
Let x(f) be the third derivative of f**6/120 - f**5/30 - 2*f**3/3 - f**2. Let d = -29 - -31. Let m be 17/(-34) - (-7)/d. What is x(m)?
5
Let x be (15/5 - 3)/(-4). Let g(d) = d + 2. Give g(x).
2
Let g be -3 + (2 - (3 + -4)). Let h(j) = -3*j + 2*j**3 - 3*j**2 + 4*j - j**3 + g*j**3. Give h(3).
3
Let y(h) = -3*h**3 + 3*h**2 + 7*h - 2. Let t(f) = -f**3 + f**2 + 3*f - 1. Let d(a) = -5*t(a) + 2*y(a). Let i be d(0). Let j(q) = q - 1. Give j(i).
0
Let p(q) = q + 5*q - 12 - 3*q + q. Let a be p(4). Let m(f) be the first derivative of -f**3/3 + 2*f**2 - f + 1. What is m(a)?
-1
Let z(h) = 3*h + 8 + h**3 - 4*h**2 + h**3 - 9. Let o be 2*(-29 + -1)/(-3). Let r = -18 + o. What is z(r)?
5
Let v(m) = -m**3 - 5*m**2 + 7*m + 1. Let z be v(-6). Let i(h) = -144 + 270 - 5*h - h**2 - 127. Determine i(z).
-1
Let k(f) = f**2 + 30*f + 21. Let m be k(-29). Let q(r) = -r**2 - 9*r - 11. What is q(m)?
-3
Let t(b) = 3*b + 1. Let j(w) = 11*w + 4. Let s(i) = -2*j(i) + 7*t(i). Determine s(-5).
4
Suppose i + 3*i - 21 = -3*l, 0 = 4*i - 4*l. Let n(f) = 3*f**2 - 15*f + 3. Let o be n(5). Let y(x) = 7*x - o + x**2 + 6*x**2 - x**i + x**3 + x**3. Give y(-6).
-9
Suppose 20*y - 22*y + 4 = 0. Let m(o) = o**2 + 1. Calculate m(y).
5
Let a(c) be the second derivative of -5*c**3/6 + 3*c**2 + 880*c. What is a(7)?
-29
Let z(a) = a - 7. Let o be z(8). Let g(w) = -34*w - 32*w - 32*w + 94*w. Calculate g(o).
-4
Let g(d) = d - 4. Suppose 74*s + 251 = 843. What is g(s)?
4
Let u(y) = 2*y**2 + 36*y + 11. Let c be u(-18). Let k(f) = f + 9. Let a(n) = 2*n + 9. Let v(m) = 2*a(m) - 3*k(m). Determine v(c).
2
Let p(z) be the second derivative of 1/20*z**5 + 0*z**3 + 19 - 9/2*z**2 - 2*z + 7/12*z**4. What is p(-7)?
-9
Let l(j) = -j**3 + 6*j**2 - 4*j - 2. Let s be l(5). Let o be (-9)/(-2)*1/s*-2. Let i(g) = g**2 + 3*g + 1. What is i(o)?
1
Suppose 2*c = -7*b + 6*b + 8, 0 = -5*c - 4*b + 17. Let w(y) = 3*y - 9. Give w(c).
6
Suppose 100*g - 101*g = 13. Let s(b) = b**3 + 14*b**2 + 13*b - 3. Give s(g).
-3
Let u be 7 + -8 + 3 + -2. Let r(w) = -w**3 - w**2 - w - 12. What is r(u)?
-12
Let z(b) = -b + 12. Let c be z(12). Suppose 3*s + 5 - 17 = c. Suppose 0*d - 4*d = -2*w + s, -5*w = 0. Let q(g) = 7*g. What is q(d)?
-7
Let u(m) = m**3 + 4*m**2 - 5*m - 1. Let r(v) = -2*v**2 + 6*v + 4. Let s be r(4). Calculate u(s).
19
Let q(r) = -r**2 + 4*r - 10. Let o(d) = d**2 - 4*d + 11. Let g(i) = 3*o(i) + 4*q(i). What is g(7)?
-28
Let d = 130 + -130. Let q(z) be the second derivative of d*z**2 + 7*z + 0 + 5/6*z**3. Determine q(1).
5
Let u(x) = -x**3 + 2*x**2 + x - 1. Let c(t) = 4*t**3 - 6*t**2 - 5*t + 1. Let s(l) = -c(l) - 5*u(l). Suppose -4*n - n + 15 = 0. Calculate s(n).
-5
Let f(l) be the second derivative of l**3/2 + 7*l**2/2 - 17*l - 16. Calculate f(-11).
-26
Let n(a) be the third derivative of a**6/120 - a**4/24 + 14*a**3/3 - 3*a**2 + 16. What is n(0)?
28
Let m = -13 + 8. Let v(y) be the second derivative of -y**5/20 - 5*y**4/12 + 530*y - 2. Determine v(m).
0
Let i = 5 + 4. Suppose -i*d = -5*d + 28. Let o(t) = -t**2 - 8*t + 1. What is o(d)?
8
Let f be 101 - 3/9*3. Let h = f - 107. Let n(v) = v**2 + 5*v - 6. Give n(h).
8
Let b(k) = -k**2 - 3*k - 52. Let t be b(0). Let o = 50 + t. Let z(f) = f**2 + 4*f. Give z(o).
-4
Let o(d) be the third derivative of d**7/2520 - d**6/72 + d**5/20 + 3*d**4/8 + 19*d**2. Let t(p) be the second derivative of o(p). What is t(7)?
-15
Let z(n) = n**2 + 21*n + 5. Suppose i + 18 = -3. Calculate z(i).
5
Let z(s) = -2 - 4 + s**2 + 1 + 1 + 15*s. Suppose -4*c - 5*h - 50 = 0, 0 = -c - 4*c - 5*h - 65. Let f be z(c). Let b(i) = 4*i + 2. Calculate b(f).
-14
Let q(b) = b**2 + 8*b + 1. Suppose 51 = 4*c - 9*c - 3*m, -4*c + 3*m - 30 = 0. Calculate q(c).
10
Let c = 85 + -85. Let j(t) = -1143*t**2 + 1142*t**2 - 3*t + 3 + c*t. What is j(-4)?
-1
Let g(q) = -q**3 - 5*q**2 - 2*q - 4. Suppose u = -2*b - 3*u - 22, 4*u = -b - 17. Give g(b).
6
Let u(p) be the third derivative of p**4/12 + 117*p**2. What is u(5)?
10
Let l(h) = -7*h - 3. Let k be l(-2). Let d(a) = a - 12. Calculate d(k).
-1
Let a = 8 - 8. Let k(o) = o - 6 + a*o + 14 + o. Determine k(-7).
-6
Let k(h) be the first derivative of -h + 1/20*h**5 + 1/6*h**3 - 4 + 1/6*h**4 - 1/2*h**2. Let q(s) be the first derivative of k(s). What is q(-2)?
-3
Let g = -230 + 234. Let n(f) = -3*f + 11. What is n(g)?
-1
Let o(c) = -c**3 - 5*c**2 + 15*c + 7. Let l = -121 + 114. Let m be o(l). Let p(k) = k - 22. Give p(m).
-22
Let v(u) = -u**2 + 5*u. Let n = 602 + -602. Determine v(n).
0
Let q(o) = -15 + 4 + 1 - o. Suppose 8 = -g - 4*y - 8, 2*y = -5*g + 10. Let d be g*-2 - (8 - 9). What is q(d)?
-3
Let y(m) = -m**3 - 3*m**2 + 2*m - 5. Let r = 5 + 0. Suppose r*w + 20 = -0*w. What is y(w)?
3
Let c(l) = l**2 + 7*l + 5. Let s = 4 - -2. Let h(f) = -35 + 8 + 17 + f. Let d be h(s). What is c(d)?
-7
Let m(w) = 2*w**2 - 1. Let i(y) = 11*y**2 + 4*y - 12. Let p(l) = i(l) - 6*m(l). What is p(4)?
-6
Let t(d) = d**3 + 6*d**2 + d - 17. Suppose 66*n + 160 = 34*n. Calculate t(n).
3
Let g(s) = 10 + 8 - s**3 + 6*s**2 - 5*s + 0*s**2 - 15. Determine g(5).
3
Let k(z) = -z**2 - 6*z - 2. Let b = -58 + 60. Let g be -2 + 2 + -1 - -6. Suppose 0 = -g*n - b - 18. Calculate k(n).
6
Let p(l) = 764 - 385 + 6*l - 390. Determine p(8).
37
Suppose 0 = -7*f - 5*f + 276. Let p = f + -30. Let y(c) be the second derivative of c**4/12 + 7*c**3/6 + c**2 + c. Calculate y(p).
2
Let z be 16